{"id":165,"date":"2020-05-03T19:01:14","date_gmt":"2020-05-03T19:01:14","guid":{"rendered":"http:\/\/www.posadzki-tynki.opole.pl\/?page_id=165"},"modified":"2020-06-10T13:10:59","modified_gmt":"2020-06-10T13:10:59","slug":"styrobetony","status":"publish","type":"page","link":"http:\/\/www.posadzki-tynki.opole.pl\/index.php\/styrobetony\/","title":{"rendered":"Styrobetony"},"content":{"rendered":"<h2>Styrobetony<\/h2>\n<p>Nasza oferta przewiduje te\u017c zastosowanie tzw. styrobeton\u00f3w. Co to jest? To odmiana l\u017cejszego betonu z bardzo dobrymi w\u0142a\u015bciwo\u015bciami termoizolacyjnymi. Co wa\u017cne, styrobetony wykonujemy dla ka\u017cdego metra\u017cu. Styrobeton\u00f3w u\u017cywa si\u0119 te\u017c do wyr\u00f3wnywania pod\u0142o\u017ca oraz do odci\u0105\u017cania strop\u00f3w.<\/p>\n<p><strong>Co jeszcze warto wiedzie\u0107 o styrobetonie?<\/strong><\/p>\n<p>To zaprawa z\u0142o\u017cona ze styropianu i cementu, zawiera w sobie wod\u0119, styropianowy granulat oraz substancj\u0119 \u0142\u0105cz\u0105c\u0105 to wszystko w jedno. Opr\u00f3cz zalet termoizolacyjnych, ca\u0142o\u015b\u0107 ma te\u017c dobre w\u0142a\u015bciwo\u015bci akustyczne. To wi\u0119c ciekawa propozycja, je\u015bli budujemy dom, a cenimy cisz\u0119 i spok\u00f3j. Albo mamy w rodzinie melomana, a s\u0105siad\u00f3w tu\u017c za p\u0142otem.<\/p>\n<p>Styrobeton jest te\u017c bardziej odporny na wilgo\u0107 ni\u017c inne zaprawy. Ale to nie koniec jego zalet. Stosuje go si\u0119 w budownictwie mieszkaniowym oraz przemys\u0142owym r\u00f3wnie\u017c ze wzgl\u0119du na jego bezpiecze\u0144stwo &#8211; nie jest \u0142atwopalny (jest wr\u0119cz ci\u0119\u017cko palny).<\/p>\n<p>Niweluje wi\u0119c jakiekolwiek zagro\u017cenie po\u017carowe. Styrobetony to te\u017c to te\u017c zwi\u0119kszenie poziomu ochrony przed ewentualn\u0105 ple\u015bni\u0105 i porz\u0105dek na budowie, bo rezygnujemy z konieczno\u015bci trzymania na miejscu np. work\u00f3w z cementem czy piaskiem.<\/p>\n<p><strong>Styrobetony&nbsp;&nbsp;wykonujemy w ka\u017cdym metra\u017cu.<\/strong><\/p>\n<p><a href=\"http:\/\/www.posadzki-tynki.opole.pl\/wp-content\/uploads\/2020\/05\/styrobeton-2.jpg\"><img loading=\"lazy\" class=\"aligncenter size-full wp-image-166\" src=\"http:\/\/www.posadzki-tynki.opole.pl\/wp-content\/uploads\/2020\/05\/styrobeton-2.jpg\" alt=\"\" width=\"1600\" height=\"684\" srcset=\"http:\/\/www.posadzki-tynki.opole.pl\/wp-content\/uploads\/2020\/05\/styrobeton-2.jpg 1600w, http:\/\/www.posadzki-tynki.opole.pl\/wp-content\/uploads\/2020\/05\/styrobeton-2-300x128.jpg 300w, http:\/\/www.posadzki-tynki.opole.pl\/wp-content\/uploads\/2020\/05\/styrobeton-2-1024x438.jpg 1024w, http:\/\/www.posadzki-tynki.opole.pl\/wp-content\/uploads\/2020\/05\/styrobeton-2-768x328.jpg 768w, http:\/\/www.posadzki-tynki.opole.pl\/wp-content\/uploads\/2020\/05\/styrobeton-2-1536x657.jpg 1536w\" sizes=\"(max-width: 1600px) 100vw, 1600px\" \/><\/a><\/p>\n\n\t\t<style type=\"text\/css\">\n\t\t\t#gallery-1 {\n\t\t\t\tmargin: auto;\n\t\t\t}\n\t\t\t#gallery-1 .gallery-item {\n\t\t\t\tfloat: left;\n\t\t\t\tmargin-top: 10px;\n\t\t\t\ttext-align: center;\n\t\t\t\twidth: 33%;\n\t\t\t}\n\t\t\t#gallery-1 img {\n\t\t\t\tborder: 2px solid #cfcfcf;\n\t\t\t}\n\t\t\t#gallery-1 .gallery-caption {\n\t\t\t\tmargin-left: 0;\n\t\t\t}\n\t\t\t\/* see gallery_shortcode() in wp-includes\/media.php *\/\n\t\t<\/style>\n\t\t<div id='gallery-1' class='gallery galleryid-165 gallery-columns-3 gallery-size-medium'><dl class='gallery-item'>\n\t\t\t<dt class='gallery-icon portrait'>\n\t\t\t\t<a href='http:\/\/www.posadzki-tynki.opole.pl\/wp-content\/uploads\/2020\/05\/styrobeton-3.jpg'><img width=\"225\" height=\"300\" src=\"http:\/\/www.posadzki-tynki.opole.pl\/wp-content\/uploads\/2020\/05\/styrobeton-3-225x300.jpg\" class=\"attachment-medium size-medium\" alt=\"\" loading=\"lazy\" srcset=\"http:\/\/www.posadzki-tynki.opole.pl\/wp-content\/uploads\/2020\/05\/styrobeton-3-225x300.jpg 225w, http:\/\/www.posadzki-tynki.opole.pl\/wp-content\/uploads\/2020\/05\/styrobeton-3.jpg 304w\" sizes=\"(max-width: 225px) 100vw, 225px\" \/><\/a>\n\t\t\t<\/dt><\/dl><dl class='gallery-item'>\n\t\t\t<dt class='gallery-icon landscape'>\n\t\t\t\t<a href='http:\/\/www.posadzki-tynki.opole.pl\/wp-content\/uploads\/2020\/05\/styrobeton.jpg'><img width=\"300\" height=\"225\" src=\"http:\/\/www.posadzki-tynki.opole.pl\/wp-content\/uploads\/2020\/05\/styrobeton-300x225.jpg\" class=\"attachment-medium size-medium\" alt=\"\" loading=\"lazy\" srcset=\"http:\/\/www.posadzki-tynki.opole.pl\/wp-content\/uploads\/2020\/05\/styrobeton-300x225.jpg 300w, http:\/\/www.posadzki-tynki.opole.pl\/wp-content\/uploads\/2020\/05\/styrobeton-1024x768.jpg 1024w, http:\/\/www.posadzki-tynki.opole.pl\/wp-content\/uploads\/2020\/05\/styrobeton-768x576.jpg 768w, http:\/\/www.posadzki-tynki.opole.pl\/wp-content\/uploads\/2020\/05\/styrobeton.jpg 1184w\" sizes=\"(max-width: 300px) 100vw, 300px\" \/><\/a>\n\t\t\t<\/dt><\/dl><dl class='gallery-item'>\n\t\t\t<dt class='gallery-icon portrait'>\n\t\t\t\t<a href='http:\/\/www.posadzki-tynki.opole.pl\/wp-content\/uploads\/2020\/05\/styrobetony.jpeg'><img width=\"224\" height=\"300\" src=\"http:\/\/www.posadzki-tynki.opole.pl\/wp-content\/uploads\/2020\/05\/styrobetony-224x300.jpeg\" class=\"attachment-medium size-medium\" alt=\"\" loading=\"lazy\" srcset=\"http:\/\/www.posadzki-tynki.opole.pl\/wp-content\/uploads\/2020\/05\/styrobetony-224x300.jpeg 224w, http:\/\/www.posadzki-tynki.opole.pl\/wp-content\/uploads\/2020\/05\/styrobetony-765x1024.jpeg 765w, http:\/\/www.posadzki-tynki.opole.pl\/wp-content\/uploads\/2020\/05\/styrobetony-768x1027.jpeg 768w, http:\/\/www.posadzki-tynki.opole.pl\/wp-content\/uploads\/2020\/05\/styrobetony-1148x1536.jpeg 1148w, http:\/\/www.posadzki-tynki.opole.pl\/wp-content\/uploads\/2020\/05\/styrobetony.jpeg 1196w\" sizes=\"(max-width: 224px) 100vw, 224px\" \/><\/a>\n\t\t\t<\/dt><\/dl><br style=\"clear: both\" \/>\n\t\t<\/div>\n\n","protected":false},"excerpt":{"rendered":"<p>Styrobetony Nasza oferta przewiduje te\u017c zastosowanie tzw. styrobeton\u00f3w. Co to jest? To odmiana l\u017cejszego betonu z bardzo dobrymi w\u0142a\u015bciwo\u015bciami termoizolacyjnymi. Co wa\u017cne, styrobetony wykonujemy dla ka\u017cdego metra\u017cu. Styrobeton\u00f3w u\u017cywa si\u0119 te\u017c do wyr\u00f3wnywania pod\u0142o\u017ca oraz do odci\u0105\u017cania strop\u00f3w. Co jeszcze warto wiedzie\u0107 o styrobetonie? To zaprawa z\u0142o\u017cona ze styropianu i cementu, zawiera w sobie wod\u0119, [&#8230;]<\/p>\n","protected":false},"author":1,"featured_media":0,"parent":0,"menu_order":0,"comment_status":"closed","ping_status":"closed","template":"","meta":{"ngg_post_thumbnail":0},"yoast_head":"<!-- This site is optimized with the Yoast SEO plugin v15.7 - https:\/\/yoast.com\/wordpress\/plugins\/seo\/ -->\n<title>Styrobetony - Alfred Fuhl - Posadzki i tynki maszynowe - Opole - Fuhl Alfred<\/title>\n<meta name=\"robots\" content=\"index, follow, max-snippet:-1, max-image-preview:large, max-video-preview:-1\" \/>\n<link rel=\"canonical\" href=\"https:\/\/www.posadzki-tynki.opole.pl\/index.php\/styrobetony\/\" \/>\n<meta property=\"og:locale\" content=\"pl_PL\" \/>\n<meta property=\"og:type\" content=\"article\" \/>\n<meta property=\"og:title\" content=\"Styrobetony - Alfred Fuhl - Posadzki i tynki maszynowe - Opole - Fuhl Alfred\" \/>\n<meta property=\"og:description\" content=\"Styrobetony Nasza oferta przewiduje te\u017c zastosowanie tzw. styrobeton\u00f3w. Co to jest? To odmiana l\u017cejszego betonu z bardzo dobrymi w\u0142a\u015bciwo\u015bciami termoizolacyjnymi. Co wa\u017cne, styrobetony wykonujemy dla ka\u017cdego metra\u017cu. Styrobeton\u00f3w u\u017cywa si\u0119 te\u017c do wyr\u00f3wnywania pod\u0142o\u017ca oraz do odci\u0105\u017cania strop\u00f3w. Co jeszcze warto wiedzie\u0107 o styrobetonie? To zaprawa z\u0142o\u017cona ze styropianu i cementu, zawiera w sobie wod\u0119, [...]\" \/>\n<meta property=\"og:url\" content=\"https:\/\/www.posadzki-tynki.opole.pl\/index.php\/styrobetony\/\" \/>\n<meta property=\"og:site_name\" content=\"Alfred Fuhl - Posadzki i tynki maszynowe - Opole - Fuhl Alfred\" \/>\n<meta property=\"article:modified_time\" content=\"2020-06-10T13:10:59+00:00\" \/>\n<meta property=\"og:image\" content=\"http:\/\/www.posadzki-tynki.opole.pl\/wp-content\/uploads\/2020\/05\/styrobeton-3-225x300.jpg\" \/>\n<meta name=\"twitter:card\" content=\"summary_large_image\" \/>\n<meta name=\"twitter:label1\" content=\"Est. reading time\">\n\t<meta name=\"twitter:data1\" content=\"1 minuta\">\n<script type=\"application\/ld+json\" class=\"yoast-schema-graph\">{\"@context\":\"https:\/\/schema.org\",\"@graph\":[{\"@type\":\"WebSite\",\"@id\":\"http:\/\/www.posadzki-tynki.opole.pl\/#website\",\"url\":\"http:\/\/www.posadzki-tynki.opole.pl\/\",\"name\":\"Alfred Fuhl - Posadzki i tynki maszynowe - Opole - Fuhl Alfred\",\"description\":\"Alfred Fuhl - Posadzki i tynki maszynowe - Opole, Ozimek, Kluczbork, Olesno\",\"potentialAction\":[{\"@type\":\"SearchAction\",\"target\":\"http:\/\/www.posadzki-tynki.opole.pl\/?s={search_term_string}\",\"query-input\":\"required name=search_term_string\"}],\"inLanguage\":\"pl-PL\"},{\"@type\":\"ImageObject\",\"@id\":\"https:\/\/www.posadzki-tynki.opole.pl\/index.php\/styrobetony\/#primaryimage\",\"inLanguage\":\"pl-PL\",\"url\":\"http:\/\/www.posadzki-tynki.opole.pl\/wp-content\/uploads\/2020\/05\/styrobeton-2.jpg\",\"width\":1600,\"height\":684},{\"@type\":\"WebPage\",\"@id\":\"https:\/\/www.posadzki-tynki.opole.pl\/index.php\/styrobetony\/#webpage\",\"url\":\"https:\/\/www.posadzki-tynki.opole.pl\/index.php\/styrobetony\/\",\"name\":\"Styrobetony - Alfred Fuhl - Posadzki i tynki maszynowe - Opole - Fuhl Alfred\",\"isPartOf\":{\"@id\":\"http:\/\/www.posadzki-tynki.opole.pl\/#website\"},\"primaryImageOfPage\":{\"@id\":\"https:\/\/www.posadzki-tynki.opole.pl\/index.php\/styrobetony\/#primaryimage\"},\"datePublished\":\"2020-05-03T19:01:14+00:00\",\"dateModified\":\"2020-06-10T13:10:59+00:00\",\"inLanguage\":\"pl-PL\",\"potentialAction\":[{\"@type\":\"ReadAction\",\"target\":[\"https:\/\/www.posadzki-tynki.opole.pl\/index.php\/styrobetony\/\"]}]}]}<\/script>\n<!-- \/ Yoast SEO plugin. -->","_links":{"self":[{"href":"http:\/\/www.posadzki-tynki.opole.pl\/index.php\/wp-json\/wp\/v2\/pages\/165"}],"collection":[{"href":"http:\/\/www.posadzki-tynki.opole.pl\/index.php\/wp-json\/wp\/v2\/pages"}],"about":[{"href":"http:\/\/www.posadzki-tynki.opole.pl\/index.php\/wp-json\/wp\/v2\/types\/page"}],"author":[{"embeddable":true,"href":"http:\/\/www.posadzki-tynki.opole.pl\/index.php\/wp-json\/wp\/v2\/users\/1"}],"replies":[{"embeddable":true,"href":"http:\/\/www.posadzki-tynki.opole.pl\/index.php\/wp-json\/wp\/v2\/comments?post=165"}],"version-history":[{"count":3,"href":"http:\/\/www.posadzki-tynki.opole.pl\/index.php\/wp-json\/wp\/v2\/pages\/165\/revisions"}],"predecessor-version":[{"id":306,"href":"http:\/\/www.posadzki-tynki.opole.pl\/index.php\/wp-json\/wp\/v2\/pages\/165\/revisions\/306"}],"wp:attachment":[{"href":"http:\/\/www.posadzki-tynki.opole.pl\/index.php\/wp-json\/wp\/v2\/media?parent=165"}],"curies":[{"name":"wp","href":"https:\/\/api.w.org\/{rel}","templated":true}]}}